ors of k.
7
Suppose -4*y = 3*g + 31, -3*g = 4*y - 4*g + 11. Let u be y/(-3)*(-3)/(-2). Suppose -c + 1 = -u. List the prime factors of c.
3
Suppose 48 = w + 16. List the prime factors of w.
2
Suppose -4*f + 15 - 267 = -4*g, 4*f + 312 = 5*g. List the prime factors of g.
2, 3, 5
Let b(g) = 7*g**2 - 3*g - 1. List the prime factors of b(5).
3, 53
Let y = -17 - -12. What are the prime factors of y/((-9)/(-6) + -2)?
2, 5
Let b = 12 - 10. Let g be 32 + 4 + 0/b. Let r = 58 - g. List the prime factors of r.
2, 11
Let r be 2/(-13) - (-176)/(-208). Let y(q) = 26*q**2 - 1. List the prime factors of y(r).
5
Let s(l) = l**3 + 4*l**2 - 7*l - 7. Let k be s(-5). Let q be (2/k)/((-1)/3). List the prime factors of (q/4)/((-3)/66).
11
Suppose 4*o - n - 65 = -4*n, 0 = 3*o + 4*n - 40. Let z be (-24)/20*o/(-6). Suppose 0*a = z*a - 52. What are the prime factors of a?
13
Let h = -103 + 112. What are the prime factors of h?
3
What are the prime factors of 2/45*9 + (-348)/(-5)?
2, 5, 7
List the prime factors of (38/4*10)/(5 + -4).
5, 19
Suppose -11 - 1 = -3*j. Let d be 2/j - (-18)/4. Suppose 0 = d*z + 25, -5*t = -3*z - 2 - 73. What are the prime factors of t?
2, 3
Let n(u) = -3*u + 2*u - 4*u. List the prime factors of n(-3).
3, 5
Let c be ((-14)/(-6))/((-2)/(-30)). Let n = 101 - c. What are the prime factors of ((-1)/(-2))/(3/n)?
11
Let k be 12 - -1 - (0 + 3). List the prime factors of ((-4)/k)/((-1)/55).
2, 11
Let p be (-2 + 4)/((-2)/(-78)). Suppose -4*r - p = -7*r. What are the prime factors of r?
2, 13
Suppose -3*q = 4*d - 279, d + d - 6 = 0. What are the prime factors of q?
89
Let i(c) = -c**3 - c. Let f(h) = 1. Let o(b) = -f(b) + i(b). Suppose -2*y = -3*y - 2. List the prime factors of o(y).
3
Suppose -2*q - 2 = 0, -n = -5*q + 2*q - 227. Suppose 4*s + n = 4*l, 0 = -2*l - l + s + 170. List the prime factors of l.
3, 19
Suppose -4*t + 3 = m - 2, 0 = 2*t - 2*m + 10. Suppose t = -4*o - 0*o + 84. List the prime factors of o.
3, 7
Suppose 5*k + 18 - 88 = -5*j, -5*k - 3*j + 72 = 0. What are the prime factors of k?
3, 5
Suppose -5*a + 19 + 41 = 0. What are the prime factors of (a/(-5) + 1)*-5?
7
What are the prime factors of (-1027)/(-65) - (-1)/5?
2
Let a = 71 - 127. Let s = a + 94. What are the prime factors of s?
2, 19
Let c(w) be the third derivative of w**4/12 + w**3/3 - 6*w**2. List the prime factors of c(3).
2
Let h(l) be the third derivative of 1/12*l**5 + 5*l**2 + 0 + 0*l**3 + 0*l**4 + 0*l. What are the prime factors of h(-1)?
5
Let v(t) be the second derivative of t**4/12 + t**2/2 + 2*t. What are the prime factors of v(-6)?
37
Let u = -33 + 94. List the prime factors of u.
61
Suppose 5*a - 57 - 23 = 0. Suppose -2*s = 2*s - a. Suppose 4*p = -s*b + 40, -4*b - 76 = -4*p + b. What are the prime factors of p?
2, 7
Suppose 4*p + 640 = -0*p. List the prime factors of p/12*3/(-2).
2, 5
Let b = 52 + 5. Suppose -3*g = -6*g + b. What are the prime factors of g?
19
Suppose -4*u + 190 = 42. What are the prime factors of u?
37
Let n(q) = 33*q**2 - 20*q. Let c(s) = 8*s**2 - 5*s. Let r(a) = 9*c(a) - 2*n(a). List the prime factors of r(3).
3, 13
Let s be 5/(5/(-2))*1. Let m = s - -9. List the prime factors of m/3 + (-1)/3.
2
Let k(l) = 3 - l + 2*l**2 - l**2 - 3 - 5. What are the prime factors of k(5)?
3, 5
Suppose 2*u - 5*y = 286, 715 = 3*u + 2*u + 4*y. List the prime factors of u.
11, 13
Suppose 58 + 2 = h. Let b = h + -38. What are the prime factors of b?
2, 11
Suppose -5*g + 796 = -314. What are the prime factors of g?
2, 3, 37
Suppose 0 = -5*t - 3*i + 5, i + i + 6 = -t. Let g(m) = 1 - t*m - m + m. List the prime factors of g(-1).
5
Let y = -4 - 0. Suppose -4 = -4*c, d = -2*d + 5*c - 71. List the prime factors of (y/(-2))/((-4)/d).
11
Let g = -51 + 54. What are the prime factors of g?
3
List the prime factors of (0 - -3) + 2*66.
3, 5
Let y(c) = -2*c**3 + 3*c**3 + 1 - 4*c - 24*c**2 + 14*c**2 + 6*c. What are the prime factors of y(10)?
3, 7
Suppose 2*v - 9 = n - 2, 3*v = -4*n + 5. Suppose v + 13 = x. What are the prime factors of x?
2
Let v = -65 - -100. List the prime factors of v.
5, 7
Let z(n) = -10*n + 1. Let q be z(-2). What are the prime factors of 258/q + (-2)/7?
2, 3
Let w(b) = 5*b**2 + 6*b + 1. What are the prime factors of w(-4)?
3, 19
Let u = -7 + 9. Suppose 4*k = -4*g + 44, u*g - 5 = g. What are the prime factors of k?
2, 3
Suppose -4*s = -f - 7 - 8, 4*f - 2*s = 10. Suppose -4*b = -8, 21 = f*k - 3*b + b. Suppose k = v + 2. List the prime factors of v.
3
Suppose -5*h - l + 221 = -127, -4*h + 5*l + 290 = 0. List the prime factors of h.
2, 5, 7
Suppose 0 = -2*x + 6 + 4. Suppose -73 = -5*t - d + 5*d, x*d = t - 23. List the prime factors of t.
13
Let q(i) = i**2 - 2*i + 3. Let c be q(2). Suppose 2*v - b = 8, -v - 5*b + 30 = c*v. Suppose v*z - 10 = 3*z + 5*y, -z + y = -5. List the prime factors of z.
5
Let w(f) = 2*f**3 - 7*f**2 + 8*f - 16. List the prime factors of w(4).
2
Let b(r) = r**2 + 6*r + 4. Let o be b(-6). Let q(m) = o*m**2 + 1 + m**3 + 2 + 1. What are the prime factors of q(-3)?
13
Suppose -5*i + 4*i = 0. Suppose -15 = 3*v - i*v, 76 = 3*p - 5*v. List the prime factors of p.
17
Let y = 63 + -18. List the prime factors of y.
3, 5
Let f = 50 + -20. What are the prime factors of f?
2, 3, 5
Let z(j) = -j**2 - 7*j + 6. Let m = -8 + 17. Let c = m - 15. List the prime factors of z(c).
2, 3
Let u = 12 + -6. Suppose -i + 10 = -u*i. What are the prime factors of (-3 - -2)/(i/30)?
3, 5
Let x(s) = -s**3 - 6*s**2 - 5*s + 5. Let w be x(-5). Suppose -5*o + o = -140. Suppose -w = -5*g + o. List the prime factors of g.
2
Let i(b) = -b - 1. Let w be i(-1). Suppose w*s = -4*s - 4. List the prime factors of s - -13 - -1*1.
13
Suppose -605 = 6*k - 11*k. List the prime factors of k.
11
Let z(y) = -y**2 - 6*y - 1. Let l(m) = 3*m**2 + 12*m + 2. Let c(b) = -2*l(b) - 5*z(b). List the prime factors of c(5).
2, 3
Let k be (1 + -5)*20/(-16). Suppose 7 - 22 = k*q, 0 = 2*n - q - 95. List the prime factors of n.
2, 23
Suppose 4*j - 4*v - 18 + 6 = 0, -v - 35 = -5*j. Suppose -3*i = i - j. What are the prime factors of i?
2
Let b(a) = a + 4. Suppose 4 = -2*p - 4. Let u be b(p). Suppose u = i - m + 3 - 19, -3*i + m + 52 = 0. What are the prime factors of i?
2, 3
Let t be -8*(-1 + 9/6). Let w(s) = -2*s**3 - 15*s**2 - 4*s. Let k(o) = -o**3 - 8*o**2 - 2*o. Let y(n) = -7*k(n) + 4*w(n). What are the prime factors of y(t)?
2
Let k(b) = 4*b**2 - 3*b. Let a be k(2). What are the prime factors of (-4)/a + (-222)/(-30)?
7
Let n = 9 - 5. Suppose -p + 2 = -5*o + 3*p, -3*o = -n*p + 6. What are the prime factors of o?
2
What are the prime factors of (204/(-24))/((-1)/2)?
17
Let k be (-10 - -1)/((-6)/4). Suppose k = b - 2. List the prime factors of b.
2
Let f = -4 - 1. Let u(k) = -5 + 4*k**2 + k + 1 - 3*k**2. What are the prime factors of u(f)?
2
Let k(o) = o**3 + 5*o**2 + 2*o. Let r be k(-5). Let q = r - -17. Let y = q + 1. List the prime factors of y.
2
Suppose -4*u + 163 = 5*w, 0 = w + 4*u + 1 - 24. List the prime factors of w.
5, 7
List the prime factors of ((-1)/3)/((-12)/13140).
5, 73
Let h = -60 + 91. What are the prime factors of h?
31
Suppose -7 = -3*r + 2. Suppose 5*p - 49 = -4*w, -8*w = -p - r*w + 33. What are the prime factors of p?
13
Suppose -2*w = 4*x - 16, -2*w + 15 = 5*x - 5. Suppose m + w*m - 2 = 0. Suppose 0 = -t + m. What are the prime factors of t?
2
Let m = 6 - 1. What are the prime factors of m?
5
Let q(x) = -3 - 2 + 5*x**2 - x + x**3 + 4*x**2 - 6. Let y be q(-9). List the prime factors of y/12 + 13/6.
2
List the prime factors of (0 + 26)*(-33)/(-22).
3, 13
Suppose -65 - 399 = -4*t. What are the prime factors of t?
2, 29
Suppose 4*f = 5*j + 224, 3*f - 4*f + 3*j = -63. What are the prime factors of (-34)/f - (-22)/6?
3
Let d(p) = -p**3 - 2*p**2 + 5*p - 3. Let w be 14/3*(2 - -1). Suppose -2*f - 3*k - 2 = 0, -f = -4*f + k - w. List the prime factors of d(f).
3
Let d be (-3 + 2)*(1 - 4). What are the prime factors of 38/6 + (-1)/d?
2, 3
Suppose -2*s + 120 = 4*u, u - 4*s = 9 + 21. List the prime factors of u.
2, 3, 5
Suppose 3*q = 5*u + 33, -52 = -5*q + 4*u - 10. Let i be (-4)/12 - (-20)/q. Let n = i - 1. What are the prime factors of n?
2
Suppose -f = 5*v - 50, 2*f - f + 38 = 3*v. Let z(h) = h**2 - 16*h + 15. Let y be z(v). Let k = -25 - y. List the prime factors of k.
3, 5
Suppose -2*s = 